 (19 + -14). Give s(q).
10
Suppose -3*s = 0, 4*s - 17 - 13 = -2*d. Let q be (-16)/6*d/10. Let n(h) = -3*h - 3. Calculate n(q).
9
Let m = 6 + -1. Suppose m*o + 3 = -2. Let i(s) = -s**3 + s**2 + s + 1. Give i(o).
2
Let n(c) be the first derivative of c**2/2 + 3*c + 44. What is n(7)?
10
Let o(r) = r**2 + 6*r + 5. Let d = -6 + 9. Suppose -5*u + u + 2*x = -4, 0 = -3*u - 4*x - 19. Let c = u - d. What is o(c)?
-3
Let q = 7 + -13. Let o(y) = y**3 + 6*y**2 - y - 8. Give o(q).
-2
Let i(g) = g**3 + 4*g**2 + 4*g + 3. Let a(p) = 3*p**3 + 12*p**2 + 12*p + 9. Let y(w) = 3*a(w) - 8*i(w). Let d = 0 + -5. Let s = 3 + d. Determine y(s).
3
Let x = -26 + 39. Let c = x + -9. Let w(m) = m + 1. Let a(p) = p**3 - 5*p**2 + 5*p - 6. Let h(j) = a(j) + 2*w(j). Calculate h(c).
8
Let a(y) be the third derivative of -y**6/120 - y**5/15 - y**4/12 - y**3 + 2*y**2. Let n be (((-16)/(-10))/2)/((-1)/5). Give a(n).
2
Let a(r) = r + 6. Suppose -4*h + 7*h + 15 = 0. Give a(h).
1
Suppose 5*d = s + 31, 0*d - 19 = -4*d - 5*s. Let t(k) = 16*k**2 - 41*k - 29. Let y(v) = -3*v**2 + 8*v + 6. Let f(w) = 2*t(w) + 11*y(w). What is f(d)?
8
Let d be 1/6 - 222/36. Let j(a) be the second derivative of -a**3/6 - 3*a**2/2 - 4*a. Give j(d).
3
Let g(z) = -5*z + z + 0*z**2 - 3 + 2*z**2 - z**2. Give g(4).
-3
Suppose -20 = 5*h + 5. Let u(c) = 5*c**2 + 8*c - 3. Let l(j) = -4*j**2 - 7*j + 3. Let s = -1 - -5. Let w(r) = s*l(r) + 3*u(r). Determine w(h).
-2
Let p(a) = -a**2 + 3*a + 2. Let c be p(3). Suppose 5*d - c*z + 10 = -z, -3*d = 3*z + 24. Let j(x) = -x**3 - 3*x**2 + 3*x + 4. Determine j(d).
-5
Suppose 2*c - 3*c = 3, -5*d - 24 = 3*c. Let h(s) = 2. Let p(g) = -g - 3. Let o(l) = 4*h(l) + 3*p(l). What is o(d)?
8
Let m be -1 - (-5 - -5) - 2/(-1). Let k(d) = 13*d. Calculate k(m).
13
Let d = 24 - 34. Let a(h) = -h**2 - 11*h - 8. Calculate a(d).
2
Suppose n + 5 = 27. Let y = n - 19. Let v(s) = -3*s - 3. Determine v(y).
-12
Let h(s) = s - 6. Let i be h(5). Suppose -5*p - 2*t + 10 = 0, -2*p + 17 = p - t. Let d(j) = 3*j + 2*j - 3 + p + 0*j. What is d(i)?
-4
Let f(m) = -m + 3. Let q be f(4). Let x be (2 + -4)*q/2. Let l(g) = -5*g - x + 5*g + 2*g - 2. Calculate l(3).
3
Let p = -9 - -14. Let q(n) = -p - 5*n + 5*n**2 + 2*n - 4*n**2. Determine q(5).
5
Suppose -14 - 2 = -4*q. Suppose 0 = 6*k - 6 - 0. Let w(a) = a - 13 + k + a + 6. Calculate w(q).
2
Let a(x) = 10*x**3 - 7*x**2 - 9*x**3 + 26*x - 6 - 18*x. Determine a(6).
6
Suppose 4 = -2*t - 0. Let i(x) = 2*x - 2. Calculate i(t).
-6
Let t(f) = 7*f**2 - 7*f + 9. Let m(v) = 6*v**2 - 7*v + 8. Let y(o) = -6*m(o) + 5*t(o). Let w be 52/14 + 4/14. Suppose -z + 20 = w*z. Calculate y(z).
9
Let j = -5 - -11. Let i(l) = -l + 9. What is i(j)?
3
Suppose 0 = 5*f - 0*f + 20, -3*f = 3*u - 12. Let z(m) = m**3 - 8*m**2 - 2*m + 10. Determine z(u).
-6
Let o(r) = r**2 - 2*r - 2. Let k = 2 - -3. Suppose 0 = 4*i - 2*i, -5*p + 5*i = k. Let u be (5 - 1)/p + 2. Calculate o(u).
6
Let r(o) = -5*o - 2 + 2*o + 3*o**2 + o. Determine r(2).
6
Let z = 14 + -11. Let j(h) = 1 + 0*h + 5*h + z*h - 9*h. Determine j(3).
-2
Let i(q) = 3*q - 4 - q + q - 3. Determine i(6).
11
Let n(q) = 5*q + 8. Let w(v) = -4*v - 7. Let f(o) = -3*n(o) - 4*w(o). Let j(x) = -2*x + 6. Let i be j(4). Determine f(i).
2
Let w(a) = -2*a - 6. Let u be 5/3 + (-8)/12. Let i(t) = t. Let r(q) = u*w(q) + 3*i(q). What is r(5)?
-1
Let i(y) = -4*y**3 - y**2 - y + 1. Suppose 3*a = 2*u + 22 - 8, 2 = u. Let p be 1/(1 + (-4)/a). Suppose -4*t + p*t + 1 = 0. Determine i(t).
-5
Suppose -5*q + 3*q = -5*u, u - 34 = -3*q. Let z(k) = -q*k**2 + 3 + 8*k**2 - k**3 + 3*k + 0*k. Determine z(-3).
3
Let x(v) be the first derivative of -v**4/4 + 5*v**3/3 - v**2 - 2*v - 9. Determine x(4).
6
Let i(c) be the first derivative of -3*c**2/2 - c + 2. Calculate i(-1).
2
Suppose -q = 4*d - 18, 2*q = -4*d - 6 + 26. Suppose 0 = q*o - o - 7. Let b(i) = -i - 3*i - o + 0*i + 6*i. What is b(5)?
3
Let t(o) = 3 - 2*o**3 + 0 + 3*o**2 - 1 - o. Let m = 34 - 32. Give t(m).
-4
Let u(m) be the third derivative of -1/8*m**4 + 4*m**2 + 1/120*m**6 + 0*m - 1/3*m**3 + 0 + 1/20*m**5. What is u(-3)?
7
Let z(a) = a**3 - 10*a**2 + 9*a - 5. Let i(k) = -2*k**3 + 21*k**2 - 19*k + 11. Let n = 20 - 28. Let g be 2/(2/1) - n. Let p(c) = g*z(c) + 4*i(c). What is p(5)?
-1
Let z(w) = -w**3 + 4*w**2 + 5*w + 5. Suppose -7*x + 3*x = -32. Suppose 4*l = 4*s + 40, -2*l = 3*s - 3 + x. Give z(l).
5
Let a(t) = 9*t + 5 - 17*t + 9*t. Determine a(-6).
-1
Let x(d) = d**3 + 3*d**2 + 4*d + 3. Let s = 8 - 7. Let z = 1 - s. Suppose z*o + 2 = -o + m, 0 = -o + 3*m - 2. Calculate x(o).
-1
Let x be (-4)/(-6)*(-15)/(-2). Suppose x*b = 4*c + 21, -6*b + 30 = -b + 5*c. Let n(k) = -k - 1. Determine n(b).
-6
Let h(g) = g**3 + 3*g**2 - 3*g - 1. Suppose -8 = -2*y, -3*y = -2*q + q - 17. Let n = -8 - q. Calculate h(n).
8
Let v(b) = b**3 + 3. Suppose -z - 9 = 2*g - 5*g, 5*g - 4*z = 22. Suppose g*c - c = 0. Determine v(c).
3
Let w(f) be the first derivative of 2*f**3/3 - f**2 - f - 13. Give w(3).
11
Let u = -15 - -12. Let d(f) = -f - 4. What is d(u)?
-1
Let z(h) = h - 2. Let d(w) = -2*w + 5. Let n(x) = 3*d(x) + 7*z(x). Calculate n(4).
5
Let s(x) = -x**2 - 8*x - 5. Let i be s(-7). Let t(f) = f**2 + 2 + i*f + 3*f - 3 + 6. Give t(-4).
1
Let t(y) = 0*y**2 + 0*y**2 - 2*y**2 + 10*y**3 + 1 - 18*y**3. Determine t(-1).
7
Let d(r) = -r**3 - 6*r**2 - 5*r + 4. Suppose 4*t + 0*t - 24 = 0. Let n be (8/t)/((-2)/6). Give d(n).
-8
Suppose 3*f = -f + 20. Suppose 1 - f = -2*m. Let g(l) = -2*l**3 + 2*l**2 + l - 1. Calculate g(m).
-7
Let j be 3 + (1 - 1) + 1. Let f be (20/30)/((-4)/42). Let d(w) = w**2 + 5. Let r(g) = 2*g**2 - g + 9. Let p(z) = f*d(z) + 4*r(z). Determine p(j).
1
Let w = -177 + 177. Let h(x) be the third derivative of -x**4/24 + 2*x**3 - 2*x**2. Determine h(w).
12
Let u(k) be the first derivative of k**3/3 - 2*k**2 - 5*k + 1. Let j(x) = 8*x**2 - 1. Let g be j(-1). Let d = -3 + g. What is u(d)?
-5
Let x(f) = 2*f + 3 - 2*f - 2*f - 2*f**2. Let l = 22 - 58. Let u be (2/(-3))/((-8)/l). Determine x(u).
-9
Let o be (((-8)/6)/2)/(18/(-54)). Let j(g) = g**2 - g + 2. Give j(o).
4
Suppose -13 - 7 = -4*s. Let u(l) = -5 + 10 + 3 - 5*l. Let i(a) = -4*a + 7. Let q(v) = s*u(v) - 6*i(v). Give q(3).
-5
Let r(a) = a + 4. Let u(z) = -5*z**2 + 2*z. Let m be u(0). Calculate r(m).
4
Let v = 28 - 26. Let u(h) be the second derivative of 3*h + 0 + 2*h**v + 1/6*h**3. Calculate u(-3).
1
Let h(b) = -b**2 - 4*b + 4. Let p = 72 - 2. Suppose 4*u + 0*u + 16 = 0, 5*i - 5*u = p. Suppose -2*o - i = -0. What is h(o)?
-1
Let p(g) = 2*g - 15. Let r be p(9). Let d(z) = -3*z + 4. What is d(r)?
-5
Suppose -3*v - 40 = -4. Let l = v - -7. Let x(d) = -3*d**2 - 23*d - 10. Let z(n) = 2*n**2 + 15*n + 7. Let c(y) = 5*x(y) + 8*z(y). Determine c(l).
6
Suppose 3*g - 9 = 3*y, 2*y - 15 = -7*g + 2*g. Suppose -4*q - 21 + 1 = y. Let j(d) = d**2 + 3*d - 5. Determine j(q).
5
Let s(w) be the first derivative of -w**4/4 - 2*w**3/3 + 2*w**2 - 2*w - 15. Determine s(2).
-10
Suppose 1 = 2*u + 11. Let n(a) = a**3 + 6*a**2 + 4*a + 4. Calculate n(u).
9
Let h(x) = -2 + 2 - 3*x - 4. Give h(4).
-16
Let k(d) be the third derivative of 0*d - 1/6*d**4 + 0 - 1/60*d**5 + 0*d**3 - d**2. Let p be 104/(-39)*(-3)/(-2). What is k(p)?
0
Let i(a) = -3*a + 52. Let o be i(17). Let u(t) = -2*t**2 + 2*t - 1. Give u(o).
-1
Let d(w) = w**3 - 5*w**2 + 2*w - 3. Let r(b) = b**3 - 6*b**2 + 7*b - 5. Let m be r(5). Give d(m).
7
Let f(y) = y**3 - y**2 + 1. Let p be (-52)/(-91) - ((-20)/(-7))/(-2). Calculate f(p).
5
Let i(y) be the first derivative of -y**3/6 + 3*y**2 - y + 1. Let t(u) be the first derivative of i(u). Let d be (-26)/(-6) + 3/(-9). Calculate t(d).
2
Let h(u) = u**3 + 7*u**2 + 6*u + 1. Let q be h(-6). Let b(l) be the third derivative of 0 - 1/12*l**4 + 1/15*l**5 + l**2 + 1/6*l**3 + 0*l. Calculate b(q).
3
Let a be (10/5)/(0 - -1). Let w(i) = -i - 2. Let o be w(-4). Let h(y) = -y**o - 2 - 3*y + y**3 - y + 6*y. Give h(a).
6
Let y(j) = 4*j. Let z be (3/(-9)*2)/(4/(-6)). Calculate y(z).
4
Let a(u) be the first derivative of u**3/3 - u**2/2 - 3*u + 9. Give a(0).
-3
Let t(v) = -2*v - 6. Let r be t(-4). Let o(a) = 6 - 2 + 0 + r*a**2 - 1 + 5*a. Let d(y) = -y**3 - 2*y**2 + 4*y. Let k be d(-3). Determine o(k).
6
Let z be 5*1*(-2)/(-5). Suppose 0 = -5*d - 2*p + 19, z*d - 3*p + 8 - 27 = 0. Suppose -d*l = -17 + 2. Let u(k) = k**2 - 